{"id":1502,"date":"2019-10-16T13:54:36","date_gmt":"2019-10-16T13:54:36","guid":{"rendered":"https:\/\/avvocatolamasa.com\/?page_id=1502"},"modified":"2020-08-03T07:11:22","modified_gmt":"2020-08-03T07:11:22","slug":"studio","status":"publish","type":"page","link":"https:\/\/avvocatolamasa.com\/?page_id=1502","title":{"rendered":"Lo Studio"},"content":{"rendered":"\t\t<div data-elementor-type=\"wp-page\" data-elementor-id=\"1502\" class=\"elementor elementor-1502\" data-elementor-post-type=\"page\">\n\t\t\t\t\t\t<section class=\"elementor-section elementor-top-section elementor-element elementor-element-d176273 elementor-section-full_width elementor-hidden-phone elementor-section-height-default elementor-section-height-default\" data-id=\"d176273\" data-element_type=\"section\">\n\t\t\t\t\t\t<div class=\"elementor-container elementor-column-gap-default\">\n\t\t\t\t\t<div class=\"elementor-column elementor-col-100 elementor-top-column elementor-element elementor-element-f786129\" data-id=\"f786129\" data-element_type=\"column\">\n\t\t\t<div class=\"elementor-widget-wrap elementor-element-populated\">\n\t\t\t\t\t\t<div class=\"elementor-element elementor-element-36e05e2 elementor--h-position-center elementor--v-position-middle elementor-arrows-position-inside elementor-pagination-position-inside elementor-widget elementor-widget-slides\" data-id=\"36e05e2\" data-element_type=\"widget\" data-settings=\"{&quot;navigation&quot;:&quot;both&quot;,&quot;autoplay&quot;:&quot;yes&quot;,&quot;pause_on_hover&quot;:&quot;yes&quot;,&quot;pause_on_interaction&quot;:&quot;yes&quot;,&quot;autoplay_speed&quot;:5000,&quot;infinite&quot;:&quot;yes&quot;,&quot;transition&quot;:&quot;slide&quot;,&quot;transition_speed&quot;:500}\" data-widget_type=\"slides.default\">\n\t\t\t\t<div class=\"elementor-widget-container\">\n\t\t\t\t\t\t\t\t\t<div class=\"elementor-swiper\">\n\t\t\t\t\t<div class=\"elementor-slides-wrapper elementor-main-swiper swiper\" role=\"region\" aria-roledescription=\"carousel\" aria-label=\"Slides\" dir=\"ltr\" data-animation=\"fadeInUp\">\n\t\t\t\t<div class=\"swiper-wrapper elementor-slides\">\n\t\t\t\t\t\t\t\t\t\t<div class=\"elementor-repeater-item-c032d40 swiper-slide\" role=\"group\" aria-roledescription=\"slide\"><div class=\"swiper-slide-bg\" role=\"img\" aria-label=\"slidestudio3\"><\/div><div class=\"swiper-slide-inner\" ><div class=\"swiper-slide-contents\"><\/div><\/div><\/div><div class=\"elementor-repeater-item-564e244 swiper-slide\" role=\"group\" aria-roledescription=\"slide\"><div class=\"swiper-slide-bg\" role=\"img\" aria-label=\"slidestudio2\"><\/div><div class=\"swiper-slide-inner\" ><div class=\"swiper-slide-contents\"><\/div><\/div><\/div><div class=\"elementor-repeater-item-3ddefc1 swiper-slide\" role=\"group\" aria-roledescription=\"slide\"><div class=\"swiper-slide-bg\" role=\"img\" aria-label=\"slidestudio1\"><\/div><div class=\"swiper-slide-inner\" ><div class=\"swiper-slide-contents\"><\/div><\/div><\/div><div class=\"elementor-repeater-item-15771f6 swiper-slide\" role=\"group\" aria-roledescription=\"slide\"><div class=\"swiper-slide-bg\" role=\"img\" aria-label=\"slidestudio5\"><\/div><div class=\"swiper-slide-inner\" ><div class=\"swiper-slide-contents\"><\/div><\/div><\/div><div class=\"elementor-repeater-item-9fab35f swiper-slide\" role=\"group\" aria-roledescription=\"slide\"><div class=\"swiper-slide-bg\" role=\"img\" aria-label=\"SLIDER2\"><\/div><div class=\"swiper-slide-inner\" ><div class=\"swiper-slide-contents\"><\/div><\/div><\/div><div class=\"elementor-repeater-item-a51c5d1 swiper-slide\" role=\"group\" aria-roledescription=\"slide\"><div class=\"swiper-slide-bg\" role=\"img\" aria-label=\"cat1\"><\/div><div class=\"swiper-slide-inner\" ><div class=\"swiper-slide-contents\"><\/div><\/div><\/div>\t\t\t\t<\/div>\n\t\t\t\t\t\t\t\t\t\t\t\t\t\t\t<div class=\"elementor-swiper-button elementor-swiper-button-prev\" role=\"button\" tabindex=\"0\" aria-label=\"Diapositiva precedente\">\n\t\t\t\t\t\t\t<i aria-hidden=\"true\" class=\"eicon-chevron-left\"><\/i>\t\t\t\t\t\t<\/div>\n\t\t\t\t\t\t<div class=\"elementor-swiper-button elementor-swiper-button-next\" role=\"button\" tabindex=\"0\" aria-label=\"Prossima diapositiva\">\n\t\t\t\t\t\t\t<i aria-hidden=\"true\" class=\"eicon-chevron-right\"><\/i>\t\t\t\t\t\t<\/div>\n\t\t\t\t\t\t\t\t\t\t\t\t\t\t\t\t<div class=\"swiper-pagination\"><\/div>\n\t\t\t\t\t\t\t\t\t\t\t\t<\/div>\n\t\t\t\t<\/div>\n\t\t\t\t\t\t\t\t<\/div>\n\t\t\t\t<\/div>\n\t\t\t\t\t<\/div>\n\t\t<\/div>\n\t\t\t\t\t<\/div>\n\t\t<\/section>\n\t\t\t\t<section class=\"elementor-section elementor-top-section elementor-element elementor-element-4b4c333 elementor-section-full_width elementor-section-height-default elementor-section-height-default\" data-id=\"4b4c333\" data-element_type=\"section\">\n\t\t\t\t\t\t<div class=\"elementor-container elementor-column-gap-default\">\n\t\t\t\t\t<div class=\"elementor-column elementor-col-100 elementor-top-column elementor-element elementor-element-9a81222\" data-id=\"9a81222\" data-element_type=\"column\">\n\t\t\t<div class=\"elementor-widget-wrap elementor-element-populated\">\n\t\t\t\t\t\t<div class=\"elementor-element elementor-element-379705c elementor-widget-divider--view-line elementor-widget elementor-widget-divider\" data-id=\"379705c\" data-element_type=\"widget\" data-widget_type=\"divider.default\">\n\t\t\t\t<div class=\"elementor-widget-container\">\n\t\t\t\t\t\t\t<div class=\"elementor-divider\">\n\t\t\t<span class=\"elementor-divider-separator\">\n\t\t\t\t\t\t<\/span>\n\t\t<\/div>\n\t\t\t\t\t\t<\/div>\n\t\t\t\t<\/div>\n\t\t\t\t\t<\/div>\n\t\t<\/div>\n\t\t\t\t\t<\/div>\n\t\t<\/section>\n\t\t\t\t<section class=\"elementor-section elementor-top-section elementor-element elementor-element-027652b elementor-section-full_width elementor-section-height-default elementor-section-height-default\" data-id=\"027652b\" data-element_type=\"section\" data-settings=\"{&quot;background_background&quot;:&quot;classic&quot;}\">\n\t\t\t\t\t\t<div class=\"elementor-container elementor-column-gap-default\">\n\t\t\t\t\t<div class=\"elementor-column elementor-col-100 elementor-top-column elementor-element elementor-element-0df1186\" data-id=\"0df1186\" data-element_type=\"column\">\n\t\t\t<div class=\"elementor-widget-wrap elementor-element-populated\">\n\t\t\t\t\t\t<div class=\"elementor-element elementor-element-b498b17 elementor-widget__width-inherit elementor-widget elementor-widget-heading\" data-id=\"b498b17\" data-element_type=\"widget\" data-widget_type=\"heading.default\">\n\t\t\t\t<div class=\"elementor-widget-container\">\n\t\t\t\t\t<h2 class=\"elementor-heading-title elementor-size-large\">Lo Studio Legale<\/h2>\t\t\t\t<\/div>\n\t\t\t\t<\/div>\n\t\t\t\t\t<\/div>\n\t\t<\/div>\n\t\t\t\t\t<\/div>\n\t\t<\/section>\n\t\t\t\t<section class=\"elementor-section elementor-top-section elementor-element elementor-element-1cd6446 elementor-section-full_width elementor-section-height-default elementor-section-height-default\" data-id=\"1cd6446\" data-element_type=\"section\" data-settings=\"{&quot;background_background&quot;:&quot;classic&quot;}\">\n\t\t\t\t\t\t<div class=\"elementor-container elementor-column-gap-default\">\n\t\t\t\t\t<div class=\"elementor-column elementor-col-100 elementor-top-column elementor-element elementor-element-6499936\" data-id=\"6499936\" data-element_type=\"column\">\n\t\t\t<div class=\"elementor-widget-wrap\">\n\t\t\t\t\t\t\t<\/div>\n\t\t<\/div>\n\t\t\t\t\t<\/div>\n\t\t<\/section>\n\t\t\t\t<section class=\"elementor-section elementor-top-section elementor-element elementor-element-367950e elementor-section-full_width elementor-section-height-default elementor-section-height-default\" data-id=\"367950e\" data-element_type=\"section\" data-settings=\"{&quot;background_background&quot;:&quot;classic&quot;}\">\n\t\t\t\t\t\t<div class=\"elementor-container elementor-column-gap-default\">\n\t\t\t\t\t<div class=\"elementor-column elementor-col-100 elementor-top-column elementor-element elementor-element-2dd7798\" data-id=\"2dd7798\" data-element_type=\"column\">\n\t\t\t<div class=\"elementor-widget-wrap elementor-element-populated\">\n\t\t\t\t\t\t<div class=\"elementor-element elementor-element-b0b6ad5 elementor-widget elementor-widget-text-editor\" data-id=\"b0b6ad5\" data-element_type=\"widget\" data-widget_type=\"text-editor.default\">\n\t\t\t\t<div class=\"elementor-widget-container\">\n\t\t\t\t\t\t\t\t\t<p>\u00a0 \u00a0\u200bLo Studio \u00e8 la naturale evoluzione degli insegnamenti ricevuti nel corso del periodo di formazione e praticantato, nonch\u00e9 dell\u2019esperienza professionale acquisita quotidianamente, e ci\u00f2 anche grazie alla pratica notarile svolta presso un importante studio del Distretto della Provincia di Biella.<\/p><p>\u00a0 \u00a0Si occupa prevalentemente di problematiche in materia di diritto civile nelle sue pi\u00f9 ampie articolazioni :<\/p><ul><li>contratti<\/li><li>obbligazioni<\/li><li>responsabilit\u00e0 contrattuale ed extracontrattuale<\/li><li>diritto di famiglia<\/li><li>diritto del lavoro<\/li><li>successioni<\/li><li>diritto condominiale<\/li><li>diritto assicurativo<\/li><li>diritto commerciale e societario<\/li><li>arbitrati<\/li><\/ul><p>\u00a0 \u00a0il tutto con una particolare specializzazione nel settore dell\u2019infortunistica stradale (risarcimenti danni), delle locazioni e condominio e del diritto di famiglia.<\/p><p>\u00a0 \u00a0In ambito penale \u00e8 stata creata una collaborazione ed un affiancamento con diversi professionisti del settore.<\/p><p>\u00a0 \u00a0La peculiarit\u00e0 dello Studio \u00e8 la personalizzazione del rapporto con il cliente che, grazie al contatto diretto con il professionista, pu\u00f2 ricevere le pi\u00f9 opportune soluzioni al caso prospettato.<\/p><p>\u00a0 \u00a0L\u2019attivit\u00e0 prevede il continuo studio e l\u2019approfondimento di ogni singola pratica, grazie anche ad un costante aggiornamento professionale,\u00a0nel pi\u00f9 assoluto rispetto dei principi di lealt\u00e0, onest\u00e0, correttezza e trasparenza dettati dal<a href=\"https:\/\/avvocatolamasa.com\/?page_id=1442\"> codice deontologico forense<\/a> nei rapporti con i propri assistiti, con le controparti, con i colleghi e con la Magistratura.<\/p>\t\t\t\t\t\t\t\t<\/div>\n\t\t\t\t<\/div>\n\t\t\t\t<div class=\"elementor-element elementor-element-4033447 elementor-widget elementor-widget-heading\" data-id=\"4033447\" data-element_type=\"widget\" data-widget_type=\"heading.default\">\n\t\t\t\t<div class=\"elementor-widget-container\">\n\t\t\t\t\t<h2 class=\"elementor-heading-title elementor-size-large\">L' avvocato giuseppe la masa<\/h2>\t\t\t\t<\/div>\n\t\t\t\t<\/div>\n\t\t\t\t\t<\/div>\n\t\t<\/div>\n\t\t\t\t\t<\/div>\n\t\t<\/section>\n\t\t\t\t<section class=\"elementor-section elementor-top-section elementor-element elementor-element-08bfba0 elementor-section-full_width elementor-section-height-default elementor-section-height-default\" data-id=\"08bfba0\" data-element_type=\"section\">\n\t\t\t\t\t\t<div class=\"elementor-container elementor-column-gap-default\">\n\t\t\t\t\t<div class=\"elementor-column elementor-col-100 elementor-top-column elementor-element elementor-element-1c01010\" data-id=\"1c01010\" data-element_type=\"column\">\n\t\t\t<div class=\"elementor-widget-wrap elementor-element-populated\">\n\t\t\t\t\t\t<div class=\"elementor-element elementor-element-f0e5a70 elementor-widget elementor-widget-image\" data-id=\"f0e5a70\" data-element_type=\"widget\" data-widget_type=\"image.default\">\n\t\t\t\t<div class=\"elementor-widget-container\">\n\t\t\t\t\t\t\t\t\t\t\t\t\t\t\t<img fetchpriority=\"high\" decoding=\"async\" width=\"1794\" height=\"921\" src=\"https:\/\/avvocatolamasa.com\/wp-content\/uploads\/2019\/11\/LAMASA_AVVOCATO_1.png\" class=\"attachment-full size-full wp-image-1734\" alt=\"\" srcset=\"https:\/\/avvocatolamasa.com\/wp-content\/uploads\/2019\/11\/LAMASA_AVVOCATO_1.png 1794w, https:\/\/avvocatolamasa.com\/wp-content\/uploads\/2019\/11\/LAMASA_AVVOCATO_1-300x154.png 300w, https:\/\/avvocatolamasa.com\/wp-content\/uploads\/2019\/11\/LAMASA_AVVOCATO_1-1024x526.png 1024w, https:\/\/avvocatolamasa.com\/wp-content\/uploads\/2019\/11\/LAMASA_AVVOCATO_1-768x394.png 768w, https:\/\/avvocatolamasa.com\/wp-content\/uploads\/2019\/11\/LAMASA_AVVOCATO_1-1536x789.png 1536w\" sizes=\"(max-width: 1794px) 100vw, 1794px\" \/>\t\t\t\t\t\t\t\t\t\t\t\t\t\t\t<\/div>\n\t\t\t\t<\/div>\n\t\t\t\t\t<\/div>\n\t\t<\/div>\n\t\t\t\t\t<\/div>\n\t\t<\/section>\n\t\t\t\t<section class=\"elementor-section elementor-top-section elementor-element elementor-element-2acdb87 elementor-section-full_width elementor-section-height-default elementor-section-height-default\" data-id=\"2acdb87\" data-element_type=\"section\" data-settings=\"{&quot;background_background&quot;:&quot;classic&quot;}\">\n\t\t\t\t\t\t<div class=\"elementor-container elementor-column-gap-default\">\n\t\t\t\t\t<div class=\"elementor-column elementor-col-100 elementor-top-column elementor-element elementor-element-f1c8c46\" data-id=\"f1c8c46\" data-element_type=\"column\">\n\t\t\t<div class=\"elementor-widget-wrap elementor-element-populated\">\n\t\t\t\t\t\t<div class=\"elementor-element elementor-element-4ab61a2 elementor-widget elementor-widget-text-editor\" data-id=\"4ab61a2\" data-element_type=\"widget\" data-widget_type=\"text-editor.default\">\n\t\t\t\t<div class=\"elementor-widget-container\">\n\t\t\t\t\t\t\t\t\t<p>\u00a0 Nato a Biella il 16 gennaio 1971, dopo aver conseguito il diploma di maturit\u00e0 classica presso il liceo G&amp;Q Sella di Biella, ha deciso di avviarsi allo studio del diritto presso la Facolt\u00e0 di Giurisprudenza dell\u2019Universit\u00e0 degli Studi di Torino, dove nell\u2019anno 1997 ha conseguito la laurea discutendo una tesi in storia del diritto italiano.<\/p><p>\u00a0 Concluso il periodo di praticantato, il 16 settembre 2003 ha superato l\u2019esame di abilitazione all\u2019esercizio della professione forense avanti la Commissione del Distretto della Corte di Appello di Torino.<\/p><p>\u00a0 In data 13 ottobre 2003, prestato il giuramento prescritto dalla Legge Professionale, si iscrive all\u2019Albo dell\u2019Ordine degli Avvocati di Biella.<\/p><p>\u00a0 Nell\u2019anno 2005 decide di fondare un proprio Studio Legale con sede nel centro di Biella, all\u2019interno dello storico edificio ridenominato Palazzo Rivetti.<\/p><p>\u00a0 In data 22 gennaio 2016 consegue l\u2019abilitazione per il patrocinio avanti la Suprema Corte di Cassazione ed alle altre Giurisdizioni superiori.<\/p><p>\u00a0 E\u2019 iscritto nell\u2019elenco degli Avvocati per il patrocinio a spese dello stato.<\/p><p>\u00a0 A far data dall\u2019anno 2006 svolge l\u2019attivit\u00e0 di difensore di diversi Enti Pubblici e di Societ\u00e0 Partecipate.<\/p><p>\u00a0 A far data dall&#8217;anno 2016 partecipa,\u00a0 in qualit\u00e0 di relatore, a diversi eventi formativi :<\/p><ul><li>11.02.2016 \u2013 Consiglio dell\u2019Ordine degli Avvocati di Ivrea<br \/>Relatore all\u2019evento formativo \u2013 1\u00b0 incontro:<br \/>I poteri di autenticazione del difensore: le attestazioni di conformit\u00e0 nel P.C.T. e nelle notifiche a mezzo P.E.C. (D.M. 28.12.2015 e modifiche alle specifiche tecniche ex art. 34 D.M. 44\/2011).<\/li><li>10.03.2016 \u2013 Consiglio dell\u2019Ordine degli Avvocati di Ivrea<br \/>Relatore all\u2019evento formativo \u2013 2\u00b0 incontro:<br \/>I poteri di autenticazione del difensore: le attestazioni di conformit\u00e0 nel P.C.T. e nelle notifiche a mezzo P.E.C. (D.M. 28.12.2015 e modifiche alle specifiche tecniche ex art. 34 D.M. 44\/2011).<\/li><li>24.03.2016 \u2013 Consiglio dell\u2019Ordine degli Avvocati di Ivrea<br \/>Relatore all\u2019evento formativo \u2013 3\u00b0 incontro:<br \/>I poteri di autenticazione del difensore: le attestazioni di conformit\u00e0 nel P.C.T. e nelle notifiche a mezzo P.E.C. (D.M. 28.12.2015 e modifiche alle specifiche tecniche ex art. 34 D.M. 44\/2011).<\/li><li>02.12.2016 \u2013 Consiglio dell\u2019Ordine degli Avvocati di Aosta<br \/>Relatore all\u2019evento formativo:<br \/>Il documento informatico, archiviazione documentale e conservazione digitale.<\/li><li>10.02.2017 \u2013 Consiglio dell\u2019Ordine degli Avvocati di Aosta<br \/>Relatore all\u2019evento formativo:<br \/>La firma digitale e le notifiche a mezzo P.E.C. \u2013 Applicazioni pratiche.<\/li><li>12.04.2017 \u2013 Consiglio dell\u2019Ordine degli Avvocati di Ivrea<br \/>Relatore all\u2019evento formativo:<br \/>Le notifiche a mezzo P.E.C. dell\u2019Avvocato \u2013 Il documento informatico e la firma digitale.<\/li><li>12.04.2018 \u2013 Consiglio dell\u2019Ordine degli Avvocati di Ivrea<br \/>Relatore all\u2019evento formativo:<br \/>Le notifiche a mezzo P.E.C. dell\u2019Avvocato \u2013 Il documento informatico e la firma digitale<\/li><\/ul>\t\t\t\t\t\t\t\t<\/div>\n\t\t\t\t<\/div>\n\t\t\t\t\t<\/div>\n\t\t<\/div>\n\t\t\t\t\t<\/div>\n\t\t<\/section>\n\t\t\t\t<\/div>\n\t\t","protected":false},"excerpt":{"rendered":"<p>Precedente Successivo Lo Studio Legale &nbsp; &nbsp;\u200bLo Studio \u00e8 la naturale evoluzione degli insegnamenti ricevuti nel corso del periodo di formazione e praticantato, nonch\u00e9 dell\u2019esperienza professionale acquisita quotidianamente, e ci\u00f2 anche grazie alla pratica notarile svolta presso un importante studio del Distretto della Provincia di Biella. &nbsp; &nbsp;Si occupa prevalentemente di problematiche in materia di [&hellip;]<\/p>\n","protected":false},"author":1,"featured_media":0,"parent":0,"menu_order":0,"comment_status":"closed","ping_status":"closed","template":"elementor_header_footer","meta":{"footnotes":""},"class_list":["post-1502","page","type-page","status-publish","hentry"],"_links":{"self":[{"href":"https:\/\/avvocatolamasa.com\/index.php?rest_route=\/wp\/v2\/pages\/1502","targetHints":{"allow":["GET"]}}],"collection":[{"href":"https:\/\/avvocatolamasa.com\/index.php?rest_route=\/wp\/v2\/pages"}],"about":[{"href":"https:\/\/avvocatolamasa.com\/index.php?rest_route=\/wp\/v2\/types\/page"}],"author":[{"embeddable":true,"href":"https:\/\/avvocatolamasa.com\/index.php?rest_route=\/wp\/v2\/users\/1"}],"replies":[{"embeddable":true,"href":"https:\/\/avvocatolamasa.com\/index.php?rest_route=%2Fwp%2Fv2%2Fcomments&post=1502"}],"version-history":[{"count":54,"href":"https:\/\/avvocatolamasa.com\/index.php?rest_route=\/wp\/v2\/pages\/1502\/revisions"}],"predecessor-version":[{"id":1754,"href":"https:\/\/avvocatolamasa.com\/index.php?rest_route=\/wp\/v2\/pages\/1502\/revisions\/1754"}],"wp:attachment":[{"href":"https:\/\/avvocatolamasa.com\/index.php?rest_route=%2Fwp%2Fv2%2Fmedia&parent=1502"}],"curies":[{"name":"wp","href":"https:\/\/api.w.org\/{rel}","templated":true}]}}